5*p = -4*a - 45956. What are the prime factors of p?
2, 11, 19
Let y be (32/(-6))/(25/225). Let p = y + 555. What are the prime factors of p?
3, 13
Let g be 3 + -1 + 4 + -3. Let s be ((-4)/(-7))/((-3)/(-21)). Suppose -s*t = -g*t - 14. What are the prime factors of t?
2, 7
Suppose 0 = 5*x - p - 7, p - 6*p = x - 17. List the prime factors of 358/1 - (9 - (7 + x)).
2, 179
Suppose 4*j - 119964 = 4*n, -5*j - 4*n + 239417 = 89516. List the prime factors of j.
3, 5, 1999
Suppose 5*c + 5*v = 20, 4*v - 3 - 13 = -5*c. Let r(z) = 6 + c + 7*z - 3*z + z. What are the prime factors of r(10)?
2, 7
Suppose 0 = -2*k + 10, 0*w - 4*w + 5*k = -3311. Suppose 4*y - w = 1722. Let d = -448 + y. List the prime factors of d.
191
Let r(w) = 3*w**2 - 2*w + 4. Let b be r(3). Let p be (-8)/(-5) - 2 - (-14160)/b. Let u = p - 306. What are the prime factors of u?
2, 5, 13
Let w be -192*(15/(-10))/(-3). Let f be (-5)/((-20)/w) + -2. Let s = f - -119. List the prime factors of s.
3, 31
Let a = -41 - 40. Let u(p) = -3*p**2 + 6*p - 16. Let m be u(-7). Let o = a - m. List the prime factors of o.
2, 31
Let r = -511 - -511. Suppose 13*f + 1661 - 11073 = r. List the prime factors of f.
2, 181
Suppose 2*c + 0*c - 8 = 2*q, -2*c + 1 = 5*q. List the prime factors of -2*c/(-12)*(-482)/(-1).
241
Let f(r) = 2*r**3 + 8*r**2 + 6*r - 10. Let j be f(-5). Let v = j + 95. Suppose -v = n - 7. What are the prime factors of n?
2
Let r = -17 - -22. Let v(y) = r + 7*y - 4 - 11*y - 5. List the prime factors of v(-4).
2, 3
Let x(g) = 5330*g**2 + 512*g - 1016. List the prime factors of x(2).
2, 31, 43
Let y(h) = -85*h**2 - 8*h - 10. Let c = 27 - 31. Let p be y(c). What are the prime factors of (-52)/14 + 4 - p/21?
2
Let h(u) = 2*u - 14. Let r be h(9). Suppose -299 + 63 = r*k. Let v = -19 - k. What are the prime factors of v?
2, 5
What are the prime factors of (34/(-6))/((-38)/196194)?
17, 1721
Suppose 4*q - 4 = 0, 15*q = 3*b + 19*q - 4. Suppose -2*y + 0 = -4, b = -4*j - y + 4286. What are the prime factors of j?
3, 7, 17
Let l = -2790 - -10204. List the prime factors of l.
2, 11, 337
Let x(a) = a**2 - 4*a - 4. Let g be 9/3 - 1*102. Let p be g/(-15) - 6/(-15). What are the prime factors of x(p)?
17
Suppose 0*l = 5*b + 4*l - 11176, -2*l - 11182 = -5*b. Suppose -4*z = -30*z + b. List the prime factors of z.
2, 43
Let h(p) = -p**3 + p**2 + 2*p - 1. Let v be h(0). Let k be ((-2)/(-4)*v)/((-2)/(-8)). List the prime factors of k + -2 + (17 - -4).
17
List the prime factors of (1 - (-5362)/4) + 32/(1856/87).
17, 79
Let y(j) = 7*j - 13. Let k be y(2). Suppose -2*m + m - k = 0. List the prime factors of -1*m/(4/276).
3, 23
Suppose f = 2*f. Suppose -5*s + o + 2029 = f, -3*s - 7*o = -8*o - 1217. Suppose -3*j + 17*j = s. What are the prime factors of j?
29
Let z = 54 + -48. Suppose -9 = -z*n + 3. Suppose -4*i + 3*l + 444 = 0, -6 = -n*l - 14. What are the prime factors of i?
2, 3
Let s(z) = -z**3 - 4*z**2 - 2*z + 1. Let u be s(-2). Let g be u/(9/120)*(-9 - -2). Let p = g + -173. What are the prime factors of p?
107
Suppose -143484 = -12*g + 196440. List the prime factors of g.
13, 2179
Suppose s + 5*g - 3338 - 26110 = 0, 0 = 2*s + 4*g - 58884. List the prime factors of s.
2, 41, 359
Let i(q) = q**3 + 29*q**2 - 6*q - 94. Let t be i(-28). Let r = 1774 - t. List the prime factors of r.
2, 229
Let z(c) = -41*c + 107. Let n be z(-11). Let x = -278 + n. List the prime factors of x.
2, 5, 7
Let r be 714 + 4 + -2 + -1. Suppose -y - y + 347 = p, 4*y - 5*p - r = 0. What are the prime factors of y?
5, 7
Suppose q + 4 = -z, 4 = 4*q - 3*q - z. Suppose q = -8*n + 3015 + 225. What are the prime factors of n?
3, 5
Let k(f) = 1000*f - 37. Let w be k(8). Let v = w - 4327. What are the prime factors of v/16 - (3/12)/1?
227
Let n be ((-264)/(-9))/(2 + (-8)/6). Let j = 46 - n. Suppose m - 195 = -j*l + 7*l, m - 195 = -4*l. List the prime factors of m.
3, 5, 13
Let l(u) = u**3 + 26*u**2 - 73*u + 223. List the prime factors of l(-27).
5, 293
Suppose -481 = -l - 2*r, 26*r = 4*l + 25*r - 1960. Let w = l + 69. What are the prime factors of w?
2, 3, 31
Suppose 0 = -2*i - 4*g + 130, 4*i + 5*g = -25 + 288. Let n = i + -62. Suppose -8 + 493 = n*a. What are the prime factors of a?
97
Let l be 1/6 + 75/(-18) + -3. List the prime factors of (-1731*l/(-42))/((-1)/2).
577
Suppose -3*t - 5*a = -181, -4*t = 5*a - 17 - 221. Let o = t - 112. What are the prime factors of -5 - o - (1 + -4)?
53
Let m = 9615 + 22078. What are the prime factors of m?
41, 773
Let u = 136 - 136. What are the prime factors of (-2 - u)/((-4)/5)*76?
2, 5, 19
Let u(a) = -a**3 + 21*a**2 + 23*a - 18. Let z be u(22). Suppose 2*v - z*v = -0*v. Suppose n - 2*j - 14 = v, 2*j = n - 5*n + 106. List the prime factors of n.
2, 3
Let i = 322 - 319. Suppose 0 = -4*j - 2*t + 110, t + i*t = 3*j - 88. What are the prime factors of j?
2, 7
Suppose -12*d + 40848 = 3264. Suppose 17*q + q = d. What are the prime factors of q?
2, 3, 29
Suppose 71*h + 4628490 = 177*h. List the prime factors of h.
3, 5, 41, 71
Let o(h) = 3*h - 37. Let w be o(13). Suppose -10*x - 8 = -w*x. List the prime factors of x/(2277/(-1133) - (-1 + -1)).
103
Suppose -4*v - 3*h + 33793 = 0, 3*h - 25347 = 52*v - 55*v. What are the prime factors of v?
2, 41, 103
Let l(n) = n**3 + n**2 + 2. Let m be l(0). Suppose 0 = m*s + 9 - 69. List the prime factors of 132/s*30/4.
3, 11
Let y be (15/(-12 + 7))/(2/(-858)). Let f = y - -35. List the prime factors of f.
2, 661
Suppose y - 711 = 5*o + 791, -3*y - 3*o + 4434 = 0. Suppose -2244 = -6*c + y. What are the prime factors of c?
3, 23
Let w = -173 + 179. Let f = 124 + w. What are the prime factors of f?
2, 5, 13
Suppose -2*d = -j + 14033, 3*j - 4*d - 37795 = 4308. List the prime factors of j.
3, 4679
Let r be 9/18 + (3/2 - 2). Suppose r = -5*a - 91 - 154. Let v = 93 + a. What are the prime factors of v?
2, 11
Let p be (20/(-36))/(3/(-27)). Suppose -3*q + 15*l = 10*l - 3099, 0 = -p*q - l + 5193. List the prime factors of q.
2, 3, 173
Suppose 0 = -46*b - 14*b + 1020. Let m(l) = l**2 + 9*l - 14. What are the prime factors of m(b)?
2, 107
Suppose 5*l - 2*j - 230 = 0, l + 4*j = 33 - 9. Let b = l + -165. Let g = -58 - b. What are the prime factors of g?
3, 7
Let i = 27 + -21. Let d be (-1 + i/4)*(151 - 7). What are the prime factors of 44/(-6)*d/(-16)?
3, 11
Suppose 0 = 4*q + 4*f - 116, 0*f - 112 = -4*q - 3*f. Suppose -6*g = q - 55. Suppose -g*k + 1197 = 4*k. What are the prime factors of k?
7, 19
Suppose 4*i + 46 = 58. Let d(x) = 38*x**2 + 4*x - 10. List the prime factors of d(i).
2, 43
Suppose -81510 = -54*r - 14413 + 50137. List the prime factors of r.
13, 167
Let a(l) be the third derivative of 9*l**4/2 + 2*l**3 - 11*l**2 - 1. What are the prime factors of a(4)?
2, 3, 37
Suppose 4*d - 2*p - 60 = -6*p, 5*p - 57 = -4*d. Suppose -19 = 2*i - 5*q, 4*i + 4*q = -25 - 27. List the prime factors of i/d - 404/(-3).
2, 67
List the prime factors of (-2393642)/402*(3/6)/(2/(-24)).
2, 17863
Let k(r) = -r**3 + r + 1. Let q(i) = 5*i**3 - 8*i**2 - 8*i. Let s(w) = -6*k(w) - q(w). Let n be s(-8). Let v = n - -41. List the prime factors of v.
19
Let x be 10*(5 - 7 - -4). Suppose -x*g + 812 = -19*g - t, -5*g - t = -4090. What are the prime factors of g?
19, 43
Let u = 52 + -100. Let j be -1 + (4 - 2/2 - u). Let d = j + -34. List the prime factors of d.
2
Let p = -9652 + 13733. Suppose 4*n = -801 + p. Let z = -565 + n. List the prime factors of z.
3, 5, 17
Suppose s + 4*i = 7375 + 6522, 0 = -s - 2*i + 13897. What are the prime factors of s?
13, 1069
Suppose -36996 = -88*h + 84*h - 4*p, -h - 4*p = -9258. What are the prime factors of h?
2, 3, 23, 67
Let m(q) = 108*q**3 - 14*q**2 + 141*q + 2. What are the prime factors of m(7)?
3, 59, 211
Let d(i) = 6*i + 2. Let v be d(5). Let r = v - 29. Suppose r*o - t - 141 = -2*t, 235 = 5*o - 2*t. What are the prime factors of o?
47
Suppose 3065 + 14671 = 2*g. List the prime factors of g.
2, 3, 739
Suppose v - 8 = c, 7*c + 20 = v + 3*c. Suppose -4*k - 3*f + 1197 = 0, -v*k - f = -6*k + 611. What are the prime factors of k?
3, 101
Suppose -4*u + 15 = a - 13, -4*a = 0. Suppose -z + u*z = 1362. List the prime factors of z.
227
Suppose 5*u + o = -8 + 2, -3*u = 4*o + 7. List the prime factors of (-15687)/(-166)*u/3*-4.
2, 3, 7
Let i(l) = 984*l - 1431. What are the prime factors of i(4